10
What is 4 + (3 + 2 + -36 + -8 + -8 - -6)?
-37
Calculate -21 - (-55 - -38) - (1 - 4).
-1
Evaluate (5 - (12 + -11) - -12) + -26 + 13.
3
What is -4 + ((-3 - -7) + 1 - (-69 - (-3 - 2)))?
65
What is -3 + (2 - (0 + -1)) + 24 + -31?
-7
What is (6 - 16) + 1 + -9 + 9 + -4?
-13
What is the value of (-36 - -20) + 162 + -140?
6
Evaluate 12 - 5 - 2 - (3 + 4 + -2 + 11).
-11
What is 45 + 0 - (-1241 + 1298)?
-12
What is 102 - 50 - 0 - 97?
-45
102 + (-55 - -51) + -35
63
What is (2 - -6) + 381 + -390?
-1
What is 6 + (63 + 28 - (4 - 2)) + (3 - 14)?
84
Calculate 5 + -40 - (64 - 131).
32
Calculate -3 - (24 + 1 - 34).
6
Evaluate -100 - (-15 + 0 - (-32 + 13 + 8)).
-96
What is the value of 5 + (41 - 49) + 0?
-3
What is the value of -18 + -8 + 16 + 3?
-7
What is the value of 36 - 1 - (-243 + 253) - (-1 + -9 + 1)?
34
What is the value of -183 - -215 - (-63 - -12)?
83
Evaluate (145 - 154) + 18 + -4 + 2 + -3.
4
-9 - (-18 + -13 + 5) - 19 - (1 - -84)
-87
What is the value of (42 - 90) + 87 + -23?
16
What is 5 + (10 - 12) + 44 + -10 - (-2 + 9)?
30
What is the value of -43 - ((24 - 45) + 6 - -24) - -22?
-30
What is (48 - (30 + 22)) + 46?
42
30 + (6 - -28) + (-6 - -17) + 2
77
Calculate 5 + (-17 - -3) + 27 + -24.
-6
Calculate 857 - 838 - (3 - 11).
27
What is the value of -38 + 4 + (-21 - -55) - 77?
-77
1518 + -1430 - (-4 - -20)
72
What is -6 + -55 + 113 + -13 + (-17 - 1)?
21
-28 + 15 + 8 + (-8 - 2) + -96
-111
What is the value of 60 + -21 + -89 - -13?
-37
Evaluate (-34 - -49 - (-4 - 0)) + 12 + -10.
21
Calculate 10 + -14 + -7 + 2 + -11 + 4.
-16
What is -104 + (10 + -1 - -10) + 9?
-76
Calculate -5 + 5 + -8 + (10 + -125 - -8) + 12.
-103
Evaluate 40 + (-6 + 1 - (25 + -29 + -8)).
47
What is -51 - 1 - (-437 - -434) - -19?
-30
What is the value of 650 + -721 + 26 + 0?
-45
What is the value of 10 + (-4 - 1) + -23 + 21 - (82 - 3)?
-76
Calculate -9 - -14 - -46 - (26 + -5 + -10).
40
What is the value of -25 - (-13 + 5) - (287 - 242)?
-62
What is (-2 - -1) + (-143 - -240) + -102?
-6
What is the value of 51 + (-84 - -60) + 2 + 2?
31
Evaluate (11 - 2) + (-28 - -24) + 14 + -17.
2
(-133 - -140 - (141 - -2)) + 42
-94
Calculate -101 + (-29 + -55 - -124).
-61
Evaluate 8 - 7 - (78 + -40).
-37
Evaluate (-5 - 42) + (11 - (22 + -9)) + -11.
-60
Evaluate 8 - (-28 - -41 - (2 + -1 + 6)) - 23.
-21
Calculate 36 + (-15 - 12 - -6) - 19.
-4
What is 17 - ((27 - (-36 - 9)) + -34)?
-21
What is 7 + 1 + -2 + -332 + 284 - (-9 - -5)?
-38
26 - (-24 + (0 - -20))
30
Calculate -2 - (-1 + 2) - (26 + 54 + -93).
10
What is the value of (-26 - 22) + (115 - 56)?
11
Evaluate -32 + 20 + (-4 + 13 - 5) + 78.
70
Evaluate (-1 - (-1 + -3)) + (2 - (-62 - -38)).
29
31 + -1 + (29 - 21)
38
Calculate (16 - (16 + 26)) + -7.
-33
Evaluate (-6 - -5) + (-16 - (-45 - -31)).
-3
Evaluate -24 + (33 - 11) - (-1 + 22).
-23
What is the value of (21 + 7 - (0 + -6 + -2)) + -13?
23
What is -97 + (39 - 24) + 21?
-61
What is -1 + 13 - ((-14 - -48) + -16) - (18 + 0)?
-24
Calculate (4 - 0) + (8 - -4) + (22 - 12).
26
Calculate -10 + 16 + -7 + -9 - ((-4 - -5) + -48).
37
-100 + 87 + (-102 - -219)
104
What is the value of (5 - (-4 + -56) - (-14 + 3)) + -4?
72
-5 - (94 - (187 - 103))
-15
Calculate -19 + 6 + (19 - (7 - -54)).
-55
What is -3 + -3 + 0 - (-5 + 20 - -9)?
-30
What is -37 + 30 - 54 - (7 + -1) - 4 - -4?
-67
Evaluate 28 - (165 + -169 + -4 + -4 + 10).
30
What is the value of (-64 - -25) + -3 - -75?
33
Evaluate 1 + 10 + -11 - (60 - -4 - -27).
-91
Evaluate (-205 - -212 - (0 + 32)) + 13 - -7.
-5
Calculate 16 + -24 - (1 + -3) - (-102 - 0 - -16).
80
Evaluate -12 + (-2 - (10 - -3)) + -551 + 548.
-30
What is -2 - (56 - 45 - ((4 - 0) + -2 - -49))?
38
-691 - -699 - (7 - (-1 - -2)) - (9 - 0)
-7
Evaluate 6 + (2 + -2 - (-18 - -13) - (190 + -188)).
9
Evaluate -3 - (-13 - -2) - (9 + 2) - (-76 - 8).
81
What is the value of 0 + (-1 - 4) - (-51 - -1 - -99)?
-54
Calculate (7 - 1) + (-157 + 156 - (0 - -30)).
-25
-6 - (-17 - (15 + -17)) - (2 + -15) - -8
30
What is the value of 21 - ((-2 - -3) + -111 + 121)?
10
What is -14 - (-7 - -8 - (-4 + -1 + 47))?
27
What is the value of 27 - (-10 + (3 + 7 - -1 - 9))?
35
What is the value of 103 + (-45 - (-13 - -96))?
-25
What is the value of -64 + -43 + 108 + (8 - (10 + -5))?
4
What is the value of -217 + (265 - 68 - 71)?
-91
What is (3 - -15) + -8 + -69 + (5 - 5) + -2?
-61
Evaluate -187 + 135 + -1 + (21 - 1).
-33
Evaluate -8 + (1 - 3) + -6 + 2 + -3.
-17
What is 40 - (16 - 20 - -9)?
35
Evaluate (-1 - 2) + (565 - 563 - (-1 + -18)).
18
Evaluate 7 - (0 - -1 - ((22 - 2) + -84 + 55)).
-3
-39 - ((-10 - -3 - (25 + -39)) + -3 + -2)
-41
What is (3 + 2 - -3) + (-68 - -8 - -112)?
60
Evaluate 10 - 5 - ((3 - (-16 - -27)) + 1 + 31).
-19
What is the value of (-13 - (-7 - 11)) + -22 + 8 + 1 + 46?
38
Calculate -1050 - -1115 - (25 - 1).
41
Evaluate 35 + -9 + -24 + -19.
-17
Evaluate (-535 - -614) + (-2 - 42).
35
(11 - ((1 - -7) + -7)) + (5 - -12)
27
Calculate (-2 - -6) + -3 + (-54 + 169 - 40).
76
174 - 156 - (-28 + 0 + 6)
40
What is the value of 2 + -2 - (12 + (78 - 106))?
16
Evaluate (69 - (17 + -43)) + -37 + -2.
56
What is the value of 252 + -20 + -82 - 114?
36
What is -20 - -53 - (26 - 22)?
29
What is (82 - (146 - 58)) + (2 - 11) + (-3 - -3)?
-15
What is (-2 - 0 - 32) + -3352 + 3373 - (1 - 25)?
11
Evaluate -126 + 98 - (6 + 26).
-60
Calculate 5 + (578 + -580 + (2 - -23) + 1 - 5).
24
Calculate 19 - (20 + 1) - ((-94 - -88) + (1 - -66)).
-63
What is 8 + (-1 - -7 - 11) + (13 - -1)?
17
-44 + (-24 - ((-23 - -12) + -4 + -4))
-49
Evaluate 166 + -139 - (13 + 10).
4
Evaluate 3 - (-6 - -17) - (5 + -31 - -7).
11
Calculate 9 + 42 + (10 - (-5 - -13)).
53
Calculate -18 + (-2 - -4) + (5240 - 5233).
-9
Evaluate -14 + (-34 - -28 - -40) + -62.
-42
-19 + 0 + -5 + (1 - (6 + -4))
-25
Calculate (-10 + (-5 - -2) - -17) + -8 - -1.
-3
Evaluate (61 - 2) + -2 + 57 + -51 + 1 + -3.
61
12 + (-23 + 12 - (-22 + 17 + -6)) + 70
82
What is 18 + -2 + (-50 - (40 + -10))?
-64
-75 + (30 - ((-6 - -30) + -10 + -2))
-57
What is (5 - 0) + (-201 - -187) + 9?
0
Calculate -99 + (-1 - (2 + -19)) + 7.
-76
Calculate (-87 - (12 + -4)) + 6 + -1 - (14 + -12).
-92
What is the value of 9 + -2 - (656 + -664)?
15
Calculate -5 + (-28 - -41 - 42 - (-1 + 0)).
-33
Calculate -21 + 12 + -41 - 6.
-56
(0 - -5) + -21 - (42 - (-6 - -20))
-44
Calculate (-52 - 3) + -109 + 125.
-39
Evaluate 8 + -7 + 11 + (-27 - 5) + -1.
-21
What is (2 - (10 + -17)) + 7 + -24?
-8
Evaluate -178 + 146 - (-6 - 24) - -14.
12
What is the value of -38 + (-20 - (15 - 42 - 84))?
53
What is 0 + (6 + 2 - 4 - (16 - -1 - 116))?
103
Calculate 1685 + -1775 + (-3 - -101).
8
Evaluate -12 + (5 + 8 - 9) + (9 + -3 - -3).
1
Calculate (50 - 46) + -19 + -33.
-48
What is the value of (-2 - 0 - -2) + -2 + -12 + -2929 + 2940?
-3
Evaluate -8 - -35 - 86 - -19.
-40
9 + 1 + (3 - (-7 + 2)) + -26
-8
Calculate (-25 - (-29 + -5 + 3)) + -1 + -33.
-28
What is the value of 124 - (115 - (55 - 17) - 35)?
82
What is (95 - 176 - (5 + -24)) + 22?
-40
Evaluate (-27 - 41 - -44) + 4.
-20
What is the value of -57 + -16 + -11 + 18 + 29?
-37
Evaluate -2 + -124 + 186 + -124.
-64
63 + 83 + -133 - -12
25
Calculate (0 - -8) + (0 - (-4 - -6) - (-5 + -2)).
13
What is the value of 8 - (12 + (-2 - 8) + -25)?
31
Evaluate -130 - (-111 - (13 + 107)).
101
Calculate 67 + (-7 + -21 - (-74 - -53)).
60
Evaluate (2 + 14 + -76 - -11) + 14 + (-1 - 4).
-40
What is the value of 8 - (7 + 8 + -41 + 10)?
24
-116 + -4 + (-8 - 0 - (173 - 190))
-111
Evaluate 45 - 1 - (-4 - (-5 - (-23 + 9 + 19))).
38
What is the value of (12 - -27) + -8 - 47?
-16
What is (5 - 9 - 9) + (-148 - -10) + 22?
-129
Calculate (50 + -26 - -17) + -4.
37
Evaluate 7 + -30 + 11 + (-3 - -3) + 2.
-10
What is 58 - (4 - (-127 + 80))?
7
(43 - (-45 + 96)) + (-1 - -4) + (7 - 8)
-6
What is the value of -52 + 50 + (117 - 57)?
58
-57 - (-10 + (9 - 19)) - (0 - 9)
-28
Evaluate 6 + (-1 + 0 - -3 - -1) + (32 - 26).
15
What is (65 - ((4 - 1 - 8) + 5)) + -2 + -2?
61
Evaluate -49 - (-36 + -1) - (-9 + -5).
2
45 + (-32 - 19) - 34
-40
Evaluate 26 - (-60 - ((22 - 40) + 8)).
76
What is the value of 24 + -2 - (70 + 23 - 28)?
-43
Calculate -43 + 54 + -68 + 112.
55
What is the value of 21 + (-22 - -9 - -23 - 1) + -19?
11
Calculate 33 + -66 + (-133 - (-67 - -19)).
-118
What is the value of (-13 - (-3 + 13 - (25 - 9))) + 3?
-4
-9 - (-49 - (30 - 93) - (20 - 1)